e the prime factors of 1560744?
2, 3, 53, 409
List the prime factors of 1186498.
2, 17, 34897
List the prime factors of 14612486.
2, 7, 17, 179
What are the prime factors of 131290?
2, 5, 19, 691
What are the prime factors of 161936?
2, 29, 349
List the prime factors of 7667741.
787, 9743
What are the prime factors of 16259993?
16259993
What are the prime factors of 10275364?
2, 11, 347, 673
What are the prime factors of 400455?
3, 5, 11, 809
List the prime factors of 1062599.
1062599
List the prime factors of 13046178.
2, 3, 1091, 1993
What are the prime factors of 11589465?
3, 5, 772631
List the prime factors of 259447.
401, 647
List the prime factors of 6886321.
13, 43, 97, 127
List the prime factors of 1704035.
5, 37, 61, 151
What are the prime factors of 165200?
2, 5, 7, 59
What are the prime factors of 3851629?
67, 57487
List the prime factors of 302603.
7, 139, 311
What are the prime factors of 4586342?
2, 41, 55931
List the prime factors of 9534815.
5, 1906963
What are the prime factors of 133565?
5, 26713
List the prime factors of 4475692.
2, 13, 17, 61, 83
What are the prime factors of 96520?
2, 5, 19, 127
What are the prime factors of 41625?
3, 5, 37
What are the prime factors of 1607434?
2, 803717
What are the prime factors of 86200?
2, 5, 431
What are the prime factors of 2828366?
2, 47, 30089
List the prime factors of 537236.
2, 7, 2741
What are the prime factors of 324470?
2, 5, 71, 457
List the prime factors of 522287.
173, 3019
What are the prime factors of 1528886?
2, 379, 2017
What are the prime factors of 371188?
2, 71, 1307
What are the prime factors of 692537?
692537
List the prime factors of 4056365.
5, 811273
List the prime factors of 31290.
2, 3, 5, 7, 149
List the prime factors of 439572.
2, 3, 7, 5233
List the prime factors of 292419.
3, 32491
List the prime factors of 5677596.
2, 3, 23, 6857
What are the prime factors of 3699887?
47, 78721
List the prime factors of 7003010.
2, 5, 7, 100043
What are the prime factors of 6636075?
3, 5, 23, 3847
What are the prime factors of 5958403?
11, 23, 2141
What are the prime factors of 2088126?
2, 3, 38669
List the prime factors of 137926.
2, 68963
What are the prime factors of 438255?
3, 5, 9739
What are the prime factors of 192544?
2, 11, 547
What are the prime factors of 2187129?
3, 7, 104149
List the prime factors of 5407164.
2, 3, 7, 43, 499
What are the prime factors of 5880832?
2, 5743
List the prime factors of 897523.
11, 139, 587
What are the prime factors of 5456722?
2, 241, 11321
What are the prime factors of 947781?
3, 11701
What are the prime factors of 49255?
5, 9851
What are the prime factors of 197121?
3, 65707
List the prime factors of 13401957.
3, 41, 108959
What are the prime factors of 119936?
2, 937
What are the prime factors of 595560?
2, 3, 5, 7, 709
List the prime factors of 1718706.
2, 3, 11, 26041
List the prime factors of 101301.
3, 33767
List the prime factors of 7968016.
2, 7, 71143
List the prime factors of 450586.
2, 37, 6089
List the prime factors of 52337.
199, 263
What are the prime factors of 153418?
2, 79, 971
List the prime factors of 180707.
157, 1151
What are the prime factors of 9187475?
5, 11, 33409
List the prime factors of 2859683.
211, 13553
List the prime factors of 874015.
5, 67, 2609
What are the prime factors of 9333758?
2, 7, 666697
List the prime factors of 51045.
3, 5, 41, 83
List the prime factors of 32471.
19, 1709
What are the prime factors of 23694148?
2, 67, 88411
List the prime factors of 7496487.
3, 832943
List the prime factors of 7926588.
2, 3, 421, 523
List the prime factors of 373587.
3, 124529
What are the prime factors of 1311140?
2, 5, 65557
List the prime factors of 1640382.
2, 3, 131, 2087
List the prime factors of 912982.
2, 7, 65213
List the prime factors of 291420.
2, 3, 5, 1619
What are the prime factors of 192321?
3, 17, 419
What are the prime factors of 200593?
29, 6917
What are the prime factors of 1748117?
7, 41, 6091
List the prime factors of 4722634.
2, 7, 17, 19843
List the prime factors of 1299382.
2, 7, 13259
What are the prime factors of 10186999?
23, 59, 7507
What are the prime factors of 3475537?
13, 19, 14071
List the prime factors of 5726745.
3, 5, 127261
List the prime factors of 326201.
103, 3167
What are the prime factors of 328309?
29, 11321
What are the prime factors of 884225?
5, 113, 313
List the prime factors of 29353790.
2, 5, 2935379
What are the prime factors of 259309?
259309
What are the prime factors of 371202?
2, 3, 13, 4759
What are the prime factors of 295041?
3, 98347
List the prime factors of 6620048.
2, 413753
What are the prime factors of 2010793?
367, 5479
What are the prime factors of 2383593?
3, 794531
What are the prime factors of 7713611?
7713611
What are the prime factors of 369868?
2, 92467
What are the prime factors of 2703364?
2, 675841
List the prime factors of 1358121.
3, 59, 7673
What are the prime factors of 360589?
360589
List the prime factors of 396662.
2, 7, 29, 977
What are the prime factors of 28798593?
3, 83, 115657
What are the prime factors of 1994586?
2, 3, 11, 47, 643
List the prime factors of 21036297.
3, 7012099
List the prime factors of 8442680.
2, 5, 211067
What are the prime factors of 1039912?
2, 43, 3023
List the prime factors of 110183.
110183
List the prime factors of 16329973.
11, 379, 3917
What are the prime factors of 593264?
2, 7, 5297
What are the prime factors of 21029559?
3, 593, 11821
List the prime factors of 3675352.
2, 67, 6857
What are the prime factors of 57856?
2, 113
List the prime factors of 18565103.
18565103
List the prime factors of 6102884.
2, 317, 4813
What are the prime factors of 3500405?
5, 700081
What are the prime factors of 4194345?
3, 5, 19, 14717
What are the prime factors of 1250566?
2, 625283
List the prime factors of 3501264.
2, 3, 13, 31, 181
What are the prime factors of 12416682?
2, 3, 37, 55931
List the prime factors of 158014.
2, 41, 47
List the prime factors of 890680.
2, 5, 7, 3181
List the prime factors of 9801571.
13, 17, 44351
List the prime factors of 2594656.
2, 81083
List the prime factors of 465348.
2, 3, 13, 19, 157
What are the prime factors of 6373035?
3, 5, 141623
What are the prime factors of 1237284?
2, 3, 34369
List the prime factors of 19984.
2, 1249
What are the prime factors of 67003?
67003
What are the prime factors of 10397?
37, 281
What are the prime factors of 30692?
2, 7673
List the prime factors of 1551329.
13, 47, 2539
What are the prime factors of 117216?
2, 3, 11, 37
List the prime factors of 771621.
3, 31, 8297
What are the prime factors of 860069?
7, 122867
List the prime factors of 9163199.
9163199
What are the prime factors of 826038?
2, 3, 5099
What are the prime factors of 23331470?
2, 5, 2333147
What are the prime factors of 2038402?
2, 17, 167, 359
What are the prime factors of 3670507?
859, 4273
What are the prime factors of 296517?
3, 13, 7603
What are the prime factors of 794586?
2, 3, 13, 61, 167
List the prime factors of 623406.
2, 3, 7, 14843
List the prime factors of 1375656.
2, 3, 31, 43
What are the prime factors of 1036539?
3, 7, 16453
List the prime factors of 20897.
20897
What are the prime factors of 147987?
3, 7, 29
What are the prime factors of 17189724?
2, 3, 293, 4889
List the prime factors of 8810658.
2, 3, 17, 28793
What are the prime factors of 174199?
17, 10247
List the prime factors of 2357229.
3, 7, 112249
What are the prime factors of 9288153?
3, 7, 379, 389
What are the prime factors of 1209369?
3, 7, 19, 433
What are the prime factors of 2048239?
2048239
What are the prime factors of 181564?
2, 19, 2389
What are the prime factors of 8462162?
2, 47, 90023
List the prime factors of 2568512.
2, 67, 599
List the prime factors of 5248071.
3, 23, 313
List the prime factors of 432904.
2, 53, 1021
List the prime factors of 6855905.
5, 7, 195883
List the prime factors of 6195364.
2, 7, 73, 433
What are the prime factors of 349022?
2, 47, 79
List the prime factors of 418127.
461, 907
List the prime factors of 1493968.
2, 7, 13339
What are the prime factors of 1097100?
2, 3, 5, 23, 53
What are the prime factors of 156088?
2, 109, 179
What are the prime factors of 1801390?
2, 5, 19, 499
What are the prime factors of 8132103?
3, 7, 17, 2531
What are the